e y(-5). Calculate the highest common divisor of 1 and c.
1
Suppose 5*i + n + 409 = 2*i, 0 = 4*n + 4. Let q = 200 + i. What is the greatest common divisor of q and 8?
8
Suppose 2*j = 5*u - 0*u + 134, 5*u = 10. Let t(r) be the first derivative of -r**2 - 14*r - 5. Let a be t(-11). What is the greatest common factor of a and j?
8
Let t = -206 - -371. Let y = t + -162. Calculate the highest common factor of 48 and y.
3
Let l(d) = d**3 + 10*d**2 - 7*d + 100. Let r be l(-11). What is the highest common divisor of 14 and r?
14
Let o = -101 + 517. Calculate the greatest common divisor of o and 64.
32
Let c(m) = 9*m**2 + m + 6. Let l be c(-7). Suppose -g = 2*g - 165. What is the highest common factor of l and g?
55
Let u = -53 + 33. Let j be (-6)/15 + (-128)/u. Calculate the greatest common factor of j and 30.
6
Let v(n) = n**3 + 19*n**2 + 17*n + 3. Let z be v(-18). Suppose 8*i - 11*i + z = 0. Let q be 1/2 - (-222)/4. What is the highest common divisor of i and q?
7
Let u(d) = d**2 + 5*d - 4. Let l be u(-6). Suppose -2*v + 17 = -5*r + 4*r, 0 = v + l*r - 16. Let h = 5 - 0. Calculate the greatest common factor of h and v.
5
Let k be (-3 - -6 - 3)/(-1). Let l(s) = -s**3 + 9. Let d be l(k). Calculate the greatest common divisor of 18 and d.
9
Let v(p) = 2*p**2 + 6*p - 2. Let z be v(-4). Suppose -z*q + 30 = -4*q. What is the greatest common factor of q and 30?
15
Let r be (-1)/3*3 - -529. What is the highest common factor of 24 and r?
24
Suppose 447 = 5*z - a, 3*z + 7*a - 2*a = 285. Let j be 4/14 - 1040/(-35). Calculate the highest common divisor of j and z.
30
Suppose -2*t = -8, -5 = 4*j + 5*t + 7. Let x be 22 - ((-4 - j) + -7). Calculate the greatest common divisor of x and 25.
25
Let j = -47 - -151. Calculate the greatest common divisor of 26 and j.
26
Let o = -44 + 42. Let w(b) = 10*b**2 - 4*b - 5. Let g be w(o). Calculate the greatest common factor of 215 and g.
43
Suppose -z = 3*o + 15, -2*z + 3*o = 5*o + 14. Let n be 6*1/z*4. Let d = n + 27. What is the highest common factor of 57 and d?
19
Suppose -105 = -2*b + h - 2*h, 2*b + 5*h = 93. What is the highest common divisor of b and 108?
54
Let h = 404 - 402. Let j be (-3)/(-12) - (-31)/4. Let y be (-34)/(-8) - h/j. What is the greatest common factor of y and 12?
4
Let d = 1565 - 1147. What is the greatest common divisor of d and 76?
38
Let b be 7011/11 + (-24)/66. What is the greatest common factor of b and 98?
49
Let u = -210 + 285. Calculate the highest common divisor of u and 75.
75
Suppose -3*x + 6*x + 12 = 0. Let l be 1/(x/(-656)) - 0. Suppose 4*m + h - 166 = 0, 3*h - 164 - 6 = -4*m. What is the greatest common factor of m and l?
41
Let f = 162 + -58. What is the greatest common factor of f and 234?
26
Let b be (4/2 + -4)*(-6601)/82. Calculate the greatest common divisor of 299 and b.
23
Let g(h) = -2*h + 5. Let s be g(0). Let w be (-9)/45 - (-26)/s. What is the greatest common divisor of w and 55?
5
Suppose 0 = m + r - 21, -2*m - 2*m = -5*r - 48. Let f be 1/(-2) - 513/(-6). Suppose v + f = 2*v. Calculate the highest common divisor of v and m.
17
Suppose t + 60 = 65. What is the highest common factor of 145 and t?
5
Suppose -41*z + 796 = 3*g - 40*z, 2*g - 512 = 4*z. Let x be -1 + (-75)/(-3) + 0. What is the highest common factor of x and g?
24
Let k be -4*33/(-6) - -3. Let y = k + -17. Suppose r - 3 - y = -3*l, r + 2*l = 10. Calculate the greatest common divisor of r and 64.
8
Suppose -5*x = -3*i + 1501, 2*x = -11*i + 8*i + 1466. What is the greatest common divisor of 41 and i?
41
Let u = 521 + -467. Let s be 31/(-1*1) - 1. Let r = u + s. What is the greatest common divisor of 2 and r?
2
Let y = 35 - 29. Suppose -3*t + 991 = -i + y*i, 806 = 4*i - 2*t. Calculate the greatest common factor of 25 and i.
25
Suppose 0 = 2*b - 4*t + 5*t + 261, -2*b + 4*t = 246. Let m = 211 + b. What is the greatest common factor of m and 205?
41
Let n(w) = -w**3 - 3*w**2 - 2*w - 2. Let b be n(-4). Let j(m) = -m - 2 - 3 - m - 5*m. Let i be j(-7). Calculate the greatest common divisor of b and i.
22
Let v(l) = -40*l + 5. Let d be v(2). Let z = 98 + d. Calculate the highest common factor of 207 and z.
23
Let d = 876 + -870. Let s = 17 - 9. Let h be (-18)/1*s/(-6). What is the highest common divisor of d and h?
6
Let i = 88 + -85. Suppose 164 = i*c - 136. What is the highest common divisor of 25 and c?
25
Let p(z) = z**3 + 16*z**2 - 20*z + 1. Let x be p(-17). Calculate the highest common factor of 12 and x.
4
Let y = -30 - -40. Let f = y - 11. Let c be -10*(2 + (-17 - f)). What is the highest common factor of 14 and c?
14
Let c = -1127 - -1145. Calculate the highest common factor of 414 and c.
18
Let q(v) = v**3 + 14*v**2 - 9*v - 122. Let r be q(-14). What is the greatest common divisor of r and 100?
4
Suppose -4*x + 20 = -0*x. Let v be (42/x)/(12/40). Calculate the greatest common divisor of v and 7.
7
Let t be (1 - (1 - -2))*-1. Let a = 3 + t. Let i = -2066 + 2067. What is the greatest common factor of i and a?
1
Let x = -8 - -18. Let n be 20/25*x/2. Suppose 2*b - g = -n*g + 10, 5*b - 4*g - 71 = 0. Calculate the highest common divisor of b and 11.
11
Let o be (-1)/(-6) - (-238)/12. Let f = 6 + o. Calculate the greatest common divisor of f and 2.
2
Let o = 7 - 6. Let u(w) = 26*w**2 - 3*w + 2. Let g be u(o). What is the greatest common divisor of 5 and g?
5
Suppose 5*x = 5*v - 0*x - 55, 4*v - 3*x = 41. What is the greatest common factor of v and 152?
8
Suppose 29*l - 4608 = -3*l. What is the highest common divisor of 128 and l?
16
Let l = -14 + 14. Suppose l = 9*t - 3*t - 12. Suppose t*n - n = 4*r - 12, -5*r = -4*n - 4. What is the greatest common divisor of 16 and n?
4
Let t(w) = -w**3 - 6*w**2 + w + 31. Let x be t(-6). Let r be 0 - (-1 - 2 - 97). What is the highest common divisor of x and r?
25
Suppose -8*w + 6*w = -20. Let t be 5/(-4) - 4275/(-60). Calculate the highest common divisor of t and w.
10
Let r be ((-3266)/6)/((-133)/399). Calculate the greatest common factor of 23 and r.
23
Let x = -6 - -9. Suppose 0 = 2*k + a - 21, 2*k + a - 6 = 3*a. Let i be (-1 + 4/k)*-30. Calculate the highest common divisor of i and x.
3
Let c = -74 + 77. Let i be c*1*(39 + -32). What is the greatest common factor of i and 28?
7
Let u = -214 + 384. Calculate the greatest common divisor of 10 and u.
10
Suppose -5*r + b = -1, -r - 5*b = -17 - 4. Suppose 3*d - r = -7. Let i be (d + 0)/(12/(-102)). Calculate the greatest common factor of i and 34.
17
Let v = -50 + 56. Suppose f + 1257 = 3*r, v*r - 5*r - 409 = -3*f. Calculate the greatest common divisor of 38 and r.
38
Suppose 839 = 14*j + 97. Calculate the greatest common divisor of j and 159.
53
Suppose 0 = -3*y - 3, k = -3*k - 3*y + 17. Let o be (-8)/2 - (-615)/k. What is the greatest common divisor of 7 and o?
7
Let m = 75 + -66. Suppose -3 = 2*u - m. Suppose 0 = -4*n + 3*n + 3. What is the highest common divisor of n and u?
3
Suppose -r - 335 + 118 = -5*o, -4*o + 185 = 3*r. Suppose -800*w - 56 = -814*w. What is the highest common factor of o and w?
4
Let b(s) = -s**2 + 4. Suppose -j + 2*j = 0. Let c be b(j). Suppose c*a + 0*a = 44. Calculate the highest common factor of 33 and a.
11
Let l(t) = -2*t. Let b be l(-6). Let n be 6/(-3) - 1 - (5 - 8). Suppose n = -3*z + 16 + 128. Calculate the greatest common factor of b and z.
12
Let r = 32 + -13. What is the greatest common factor of 57 and r?
19
Suppose -3*i + a - 23 = 0, i + 4*a + 10 = -2. Let g be 13/(-4) + (-2)/i. Let f be (-44)/(-16)*(31 + g). Calculate the highest common factor of 11 and f.
11
Let i = 11 + 17. Suppose -j = -50 + i. Calculate the highest common factor of j and 2.
2
Suppose 4*z = 2*j + 6, -2*j = -9*z + 8*z - 9. What is the greatest common factor of j and 49?
7
Suppose -5*x = 2*n - 76 - 67, -279 = -4*n - 3*x. Suppose 3*h - t - n = 0, -4*h + 76 = -3*t + 7*t. What is the highest common factor of h and 242?
22
Let x = 32 - -103. Let o = x + -81. Suppose 4*r - 138 = 2*d, 0 = 4*r - 3*d - 184 + 49. What is the greatest common divisor of o and r?
18
Let c be 11 - (6 + (-7 - 4)). Calculate the greatest common divisor of 512 and c.
16
Let d(l) = 2*l - 1. Let x be d(3). Suppose 4*c - x*j + 282 = 0, -5*j = c + 2*c + 229. Let o = c + 108. What is the highest common factor of 5 and o?
5
Let v = -23 - -35. Calculate the greatest